 and 472.
59
Let p = -5770 - -5970. What is the highest common factor of p and 3150?
50
Suppose -28 = 4*c - 1212. Suppose -5*d + 25 = 0, -5*p - 3*d + c = -1799. What is the highest common factor of p and 312?
104
Suppose -40*l + 32*l + 1256 = 344. Calculate the greatest common factor of l and 1026.
114
Suppose -s + 65 + 68 = 0. Let v = -115 + s. Let p be (-18)/(-8) - 1/4. What is the highest common factor of v and p?
2
Let q be (-1 + -3)/(((-682)/352)/31). Calculate the greatest common divisor of q and 3424.
32
Suppose 3*d = 3*y + 77 - 104, -d - 3*y - 1 = 0. Let g be (-33456)/(-336) + 4/d. Calculate the highest common divisor of g and 792.
99
Suppose 168 = n - 2*l + 66, -4*n - 2*l + 378 = 0. What is the highest common divisor of 264 and n?
24
Let n be 74*(20/5 + -3). Let b be (7 + -6)*((-5 - -3) + 4)*2. Calculate the greatest common factor of b and n.
2
Let n = 379 - -1377. Suppose -4*c = -3*y - 3527, -6*y = -2*c - 2*y + n. What is the greatest common divisor of 13 and c?
13
Let l(j) = -3*j + 6. Let a be l(-6). Let t be (-2961)/(-36) - 9/(-12). Let m = -75 + t. Calculate the greatest common factor of m and a.
8
Suppose 2*l + 128 = 4*h, h - 50 = -3*l - l. Let u = -78256 + 78290. Calculate the highest common divisor of h and u.
34
Let j = -22830 + 23035. Calculate the greatest common factor of 451 and j.
41
Suppose 0 = 3*b - o - 26883, 4*o - 44788 = b - 6*b. What is the greatest common divisor of 35 and b?
35
Let q = -4618 - -4658. Suppose y + 500 = 6*y. Suppose 0 = t - 0*t - y. What is the greatest common divisor of q and t?
20
Suppose -4*k + 532 = -3*h + 236, 0 = -5*k - 5*h + 440. What is the highest common divisor of 11240 and k?
40
Let l(y) = -11*y - 57. Let q be l(-6). Let b(p) = -p**2 + 41*p + 144. Let v be b(44). Calculate the highest common divisor of q and v.
3
Suppose 0 = -4*m - 15 + 3, 2*m = -3*d + 57. Let g = d - 16. Suppose 4*r = 6*l - 9*l + 63, g*r = 2*l - 65. What is the highest common factor of 25 and l?
25
Let f = -312 + 321. Let t be 4 - -3 - f/(-1). What is the greatest common divisor of t and 76?
4
Let g = -74 + -88. Let j = 177 + g. Let x(o) = o**2 - 11*o + 15. Let i be x(-9). Calculate the highest common factor of j and i.
15
Let r = 664 + -664. Suppose 0 = -5*d - 3*a + 140 + 27, r = -5*d + 2*a + 172. Calculate the greatest common divisor of 527 and d.
17
Let s(b) = 15*b**2 - 900*b + 70. Let r be s(60). Suppose -4*z + 226 = -194. What is the highest common divisor of z and r?
35
Let v(w) = -696*w + 11859. Let i be v(17). Let g(z) = 6*z**2 + 3. Let n be g(4). Calculate the greatest common factor of i and n.
9
Suppose -13*f - 3295 = -344. Let d = -155 - f. Calculate the greatest common divisor of d and 54.
18
Let z be -4 + ((-16)/(-4) - -160). Calculate the highest common factor of 680 and z.
40
Let h = 272 + 80. Let a(l) = l**2 - 3*l + 12. Let i be a(5). What is the greatest common factor of i and h?
22
Suppose -d + 171 = -116. Suppose -2*h = -14, -t + 11*h = 8*h - 20. Calculate the greatest common factor of d and t.
41
Let m be ((60/(-16))/(-5))/((-6)/(-16)). Suppose -6*h + 272 = -m*h. What is the greatest common factor of 102 and h?
34
Let j(t) = -t - 6. Let l be j(-12). Suppose a - l*a = -50. Let i = 1707 + -1637. What is the greatest common divisor of i and a?
10
Suppose 0 = c + 2*y + 16 - 7, 0 = -2*y. Let z = c + 13. Suppose -87 = -z*t - 5*a, 6*a - 6 = 4*a. Calculate the greatest common factor of t and 18.
18
Let t be 2204/10*-4*95/(-152). Let v = t + -287. Calculate the highest common factor of v and 99.
33
Let r = 86 + -138. Let i = r - -65. Suppose -81 = i*p - 16*p. What is the greatest common divisor of 3 and p?
3
Let n be (-3246)/(-26) + (-612)/(-3978). Let y be 21*(-2 - (-17)/3). Let t = n - y. What is the greatest common divisor of 72 and t?
24
Let h be 0 - -1 - (-2 - (-3 - -2)). Let y be ((-81)/36)/(h/(-24)). Let o = -9 + y. Calculate the highest common divisor of o and 36.
18
Suppose -5*n + 5*v + 17160 = 0, -2*n + 4*v - 318 + 7188 = 0. Calculate the greatest common factor of n and 27.
27
Suppose 32*r - 36*r + 2*g = -59062, r - 14748 = -2*g. Calculate the greatest common factor of r and 244.
122
Suppose -4*d + 32 = -4*z, 5*d = -0*d - z + 34. Let x be -3 - -74*(1 + 12/8). What is the highest common divisor of d and x?
7
Let h be (-229)/(5 - 756/147). Calculate the highest common factor of 916 and h.
229
Suppose 34*w = -9*w + 21199. Calculate the highest common divisor of w and 153.
17
Let v(j) = 32*j**2 + 163*j + 18. Let c be v(-5). What is the highest common factor of c and 3885?
3
Let w be 1/((-8)/(-8320)*28)*(-35)/(-5). Let x be 0*3/(-6) - -10. Calculate the greatest common factor of w and x.
10
Suppose 5*w - 418 - 1228 = -f, f = w - 334. Suppose 0 - 22 = -v. What is the greatest common divisor of w and v?
22
Suppose 5*r = -4*s + 871, 1533*s + 442 = 1535*s - 4*r. What is the greatest common factor of 8249 and s?
73
Suppose 0 = -l - 4*j + 547, 6*j = 2*l + 2*j - 1070. Suppose -5*s = 2*s - l. Calculate the highest common factor of 11 and s.
11
Let n(b) = -b**3 + 2*b**2 - b + 4. Suppose 9 = -5*c + 2*j, -5*j - 20 = -5. Let x be n(c). Calculate the greatest common factor of x and 117.
13
Suppose 3*t + t = -o + 12, -5*t - 25 = 0. Suppose 36*c - o*c - 1932 = 0. Calculate the highest common divisor of c and 21.
21
Let n be 2*-12 + 154 + 50. Calculate the highest common factor of 172 and n.
4
Let c(z) = 125*z + 1563. Let l be c(-12). Let p = 36 - 18. What is the greatest common factor of p and l?
9
Suppose 36*p - 1150 = -790. Suppose 4*w + 250 = 9*w. Calculate the highest common factor of p and w.
10
Let q be (-6)/8*-4 - -6. Suppose -i - q = -54. Suppose -22*n - 427 + 2077 = 0. What is the highest common divisor of i and n?
15
Suppose -4*w - f - 316 = 0, -3*w + 4*f = -60 + 278. Let m = -72 - w. Suppose -m*z + 54 = -0*z. What is the highest common divisor of z and 72?
9
Suppose 4*j = -20, 149*m - 147*m - 5*j = 105. Calculate the greatest common divisor of 2552 and m.
8
Let o(d) = -d**2 - 7*d + 2. Let c be o(-6). Let w be ((-36)/21)/((-4)/14). Suppose c + 106 = w*z. Calculate the highest common factor of 38 and z.
19
Suppose -2*m + 345 + 415 = 0. Calculate the highest common factor of 30 and m.
10
Let j(s) = 3*s + 3. Let i be j(5). Let x = 38 - i. Let b be 4/6 - 22/(-3). What is the greatest common factor of x and b?
4
Suppose i = 39*m - 38*m - 14, 0 = -5*m - 3*i + 30. Calculate the greatest common factor of m and 36711.
9
Let a(d) = -3*d - 15. Let s be a(-8). Let t(o) = o**3 + 2*o**2 - 18*o + 3. Let f be t(-5). What is the greatest common factor of f and s?
9
Let y be (202/11)/2 - (-1540)/(-8470). Suppose -2*d - 3*k + 297 = 0, -5*d - k + 759 = k. What is the greatest common factor of y and d?
9
Suppose 4*q = -4*f + 112980, -39*q + 112945 = 4*f - 40*q. What is the greatest common factor of 14 and f?
14
Suppose 6*d - 22*d - 1281 = -37*d. What is the highest common divisor of 10065 and d?
61
Let d = -8622 + 8646. What is the highest common factor of d and 10236?
12
Let n(p) = -p**3 - 9*p**2 - 6*p - 49. Let h = -485 - -476. Let i be n(h). What is the highest common factor of i and 365?
5
Let q(n) = 3*n**2 - 1120*n + 5615. Let j be q(5). What is the highest common factor of j and 10845?
45
Let d(s) = -25 - 167*s**3 - 37*s**2 + 166*s**3 + 123. Let x be d(-37). Suppose -3*c = -20 - 22. What is the greatest common factor of c and x?
14
Suppose -28*h = -53*h - 52*h + 240702. What is the highest common divisor of 6 and h?
6
Let o = 44406 + -44388. Let f be -1*((0 - 2) + 0). Calculate the highest common divisor of o and f.
2
Let t = -5128 - -5656. Calculate the highest common factor of t and 496.
16
Let r be (-25723)/(-29) + (1 - 4). Calculate the highest common factor of 136 and r.
68
Let q(t) = 43*t - 18. Let s be q(9). Let v(d) = 11*d - 399. Let y be v(40). What is the greatest common divisor of y and s?
41
Suppose 4*l = 4*h - 16, 3*l = 2*h + 3*h - 14. Let q be 5/(-2)*58/(-145). Let o be (h + -6)/(q*2/(-16)). Calculate the highest common factor of o and 280.
40
Suppose 17*c = -36*c - 3*c + 660296. Calculate the highest common divisor of 39 and c.
13
Let f(l) = -636*l + 183. Let m be f(-8). What is the greatest common divisor of m and 21?
21
Let x(q) = -q**3 + 7*q**2 - 5*q - 43. Let u be x(6). Let v be 86 + 2/(-4)*2. Let m =